 = 3*g**2. What is the remainder when l(6) is divided by q(36)?
16
Let q = -11402 - -11814. Calculate the remainder when 2062 is divided by q.
2
Let q(i) = i**2 - 2*i**2 - 29 - 23*i + 104 - 13 - 24. Let l = -13 - 10. What is the remainder when q(l) is divided by 15?
8
Suppose 2370 = -7*b + 6409. Calculate the remainder when b is divided by 563.
14
Let p(r) = -60*r**2 + r + 1. Let l be (50/40 + (-2)/8)*-1. Let v be p(l). Calculate the remainder when 39 is divided by (-9)/2*v/27.
9
Let d(s) = 38*s + 447. What is the remainder when d(58) is divided by 1325?
1
Suppose 2*q + 898 = 4*g - 378, 3*q = 4*g - 1280. Let i = g - 196. Calculate the remainder when i is divided by 22.
11
Suppose 0 = -x - 5*k - 7 + 35, 5*x = k + 10. Suppose -x*z - 444 = z. Let n = -90 - z. What is the remainder when n is divided by 12?
9
Suppose -3633 = -32*s + 911. What is the remainder when 700 is divided by s?
132
What is the remainder when 1287 is divided by -1 - 680/(-35) - ((-186)/(-42) + -4)?
9
Let b(m) = -2*m**2 + 73*m - 21. Calculate the remainder when b(5) is divided by 78.
60
Suppose -42*g + 38*g = -h - 444, 5*g - 555 = 5*h. What is the remainder when 11430 is divided by g?
108
Calculate the remainder when 24 is divided by 7 + 11/(66/(-48)) - -21.
4
Let q = 14645 - 14614. What is the remainder when 1122 is divided by q?
6
Let h = -16631 - -16681. What is the remainder when 4099 is divided by h?
49
Let c(o) = -6*o**2 + 3*o - 1. Suppose -5 = 5*l - 5*t, 5*t - 6 = 5*l - l. Let s be c(l). Let b(j) = -18*j - 6. What is the remainder when b(s) is divided by 23?
20
Let u = 70 + -42. Calculate the remainder when (-879)/(-12) + -3 - 1145/4580 is divided by u.
14
Suppose 2*f - 104*f = -36516. Calculate the remainder when f is divided by 90.
88
Let s(h) = h + 25. Let d = 71 - 30. Suppose d = 2*g + 41. What is the remainder when 91 is divided by s(g)?
16
Suppose -4400 = 56*a - 106*a. What is the remainder when 181 is divided by a?
5
Suppose -31*a + 3391 = -6024 - 7697. What is the remainder when a is divided by 89?
18
Let q = -2135 - -2373. What is the remainder when q is divided by 113?
12
Let x(b) = -b - 7. Let o be x(-6). Let q(j) = -49*j**3 - 2*j**2 + 2*j + 3. Let z = -31 - -48. What is the remainder when q(o) is divided by z?
14
Let v(w) = -w**2 - 10*w - 8. Let g = 99 - 106. Let d be v(g). Suppose 182 = s + d*s. Calculate the remainder when 36 is divided by s.
10
Let b(q) = 3*q**3 + 302*q**2 - 103*q - 108. What is the remainder when 135 is divided by b(-101)?
41
Let a = -17935 - -17958. What is the remainder when 6898 is divided by a?
21
Let z(a) = 1 + 11*a + 26*a - 22*a + 12*a. Let n be 1*-3*(-3)/9. What is the remainder when 52 is divided by z(n)?
24
Let c be (30/(-20))/((-6)/(-8)). Let b be (c/(-2) - -2) + -1. Suppose b*n + 0*n - 42 = 4*x, 4*x = n - 25. What is the remainder when n is divided by 6?
5
Let g = 18901 - 18780. What is the remainder when 1328 is divided by g?
118
Let g be 6*-1*36/1. Let q = g + 334. Suppose 5*n + 25 = 0, 0 = 4*d + 5*n - 15 - 20. What is the remainder when q is divided by d?
13
Let p = -747 - -813. Suppose h = v + 28, -5*v - 94 = h - 4*h. Calculate the remainder when p is divided by h.
20
Let i(n) = -7*n**2 - 2*n**2 + 2*n - 4*n**2 + 21*n**2 - 2 - 7*n**2. Calculate the remainder when 30 is divided by i(-5).
4
Suppose -4*f - 12 = 0, 3*f = -3*p - 0*f + 171. Suppose 6*y + 1350 = -354. Let a = y + 306. What is the remainder when p is divided by a?
16
Suppose -21*o - 9359 + 20499 + 16244 = 0. What is the remainder when o is divided by 9?
8
What is the remainder when 666 is divided by (0 - 6) + ((-2229)/(-13) - 900/1950)?
6
Suppose 18*d = -18*d - 5*d + 5371. Calculate the remainder when 428 is divided by d.
35
What is the remainder when 34/4 - 112266/(-756) is divided by -1*(2 - 1)*-53?
51
Suppose -2*n + 3*t + 52418 = 0, -86*n + 83*n + 78695 = 4*t. Calculate the remainder when n is divided by 298.
295
Suppose -11*z + 5*z - 48 = 0. Let d = z + 75. Calculate the remainder when d is divided by 9/(-27) + (-110)/(-6).
13
Suppose -3*u + 10*b = 5*b - 11, 4*b = -2*u. Suppose 0 = 3*v - 4 - 20. What is the remainder when -11*(-2 - -2 - u) is divided by v?
6
Suppose -5*p + 1393 = 2*d, -6*p + 330 + 1348 = -4*d. Suppose f - 5*l - 47 - 34 = 0, -4*f + l + 286 = 0. Calculate the remainder when p is divided by f.
66
Suppose 2*a - 37 = a. Calculate the remainder when (30/(-24))/((-5)/420) is divided by a.
31
Let h(t) = 144*t + 1322. Calculate the remainder when 640 is divided by h(-7).
12
Suppose -4*j + 704 = -3*m, 9*m = -5*j + 10*m + 891. Calculate the remainder when 341 is divided by j.
162
Let c = 44 - 42. Suppose t - c*t = -3. Suppose -4*o - t*y = -2*y - 189, 25 = 5*y. Calculate the remainder when o is divided by 12.
10
Suppose 0 = 2*f + 4*j - 7*j + 118, 4*f - j = -256. Let x = -54 - f. What is the remainder when x is divided by 10?
1
Suppose 2850 = 12*v + 6*v - 804. What is the remainder when 20502 is divided by v?
202
Let v(k) = -k**2 + 7*k - 9. Let c be v(4). What is the remainder when (-2 + (-7)/(-2))*(-1136)/(-24) is divided by -1 + 0 + c - (-20 - -3)?
14
Calculate the remainder when -4 - (-14)/(350/26825) is divided by 46.
11
Let j = 1732 - 648. Suppose 10*i - j = 986. Calculate the remainder when i is divided by ((-2)/(-4))/(8/4160*5).
51
Let w = -98 + 138. Let g = -110370 + 110443. Calculate the remainder when g is divided by w.
33
Let u(w) = -w**3 - 9*w**2 - 37*w - 234. Let d(s) = 30*s**2 + 3*s + 2. What is the remainder when u(-9) is divided by d(-1)?
12
Suppose 123*l - 8 = 122*l. Suppose 1300 = l*v + 5*v. Suppose -f + v - 20 = 5*p, -2*f = -p + 27. Calculate the remainder when 151 is divided by p.
15
Suppose -3*t - 500 = -v, 560*t = 563*t - 15. What is the remainder when v is divided by 129?
128
Let k(o) = o**3 + 37*o**2 - 54*o - 264. What is the remainder when k(-35) is divided by 34?
30
Suppose 2*j + 4*l = -313 + 31, -j - 3*l = 142. Calculate the remainder when 3 - j/((-3)/(-3)) is divided by (-15)/18 + 1788/72.
22
Suppose 60 = 23*v - 21*v - 4*s, 0 = 4*v - 3*s - 140. What is the remainder when 2467 is divided by v?
35
Suppose -5*d + 2*v + 158 = 0, -4*d - 2*v + 112 = -0*v. Suppose 0 = 4*x + 4*k - 44, 3*k + d = 4*x - 35. What is the remainder when 54 is divided by x?
12
Let l be (1 + -1)*(0 - 3/12). Suppose 0*x - 325 = 5*i + x, -5*i + 2*x - 325 = l. Let y = i + 194. Calculate the remainder when y is divided by 33.
30
Suppose 30*o = 322 + 158. What is the remainder when o/24*-3 + 47 is divided by 29?
16
Suppose 22157 + 7394 + 533 = 23*z. What is the remainder when z is divided by 130?
8
Suppose 1830*u = 1829*u + 68. What is the remainder when 137 is divided by u?
1
Suppose 391*j - 858 = 365*j. What is the remainder when j is divided by 4?
1
What is the remainder when 136 is divided by 172/(-1)*(-7)/(4 + 24)?
7
Let m = -166 - -240. Suppose -24 = 2*x - m. Suppose -276 = -3*c - 60. Calculate the remainder when c is divided by x.
22
Let p be (-4 + -7 + 10)/((-2)/(-18)). Let f = p - -14. Suppose -f*c + c + 140 = 0. What is the remainder when c is divided by 19?
16
Let o = 20267 - 20100. Calculate the remainder when 179 is divided by o.
12
Let i = 31268 + -31217. Calculate the remainder when 11319 is divided by i.
48
Let b(m) = 11*m**2 - 24*m - 76. Let o be b(-3). Let n be 1*(-2 - -25)*1. Suppose 18*y = n*y - o. What is the remainder when 37 is divided by y?
18
Let y(x) = 5*x**2 + 90*x + 3495. Calculate the remainder when y(-39) is divided by 2524.
18
Suppose 17*t - 2682 = 1415. Calculate the remainder when 1436 is divided by t.
231
Suppose -7*u + 11*u = -6*a + 52, 0 = a + 2. What is the remainder when u is divided by 10?
6
Suppose -3*c + 2745 = a, -c - 374 = -3*a + 7881. Calculate the remainder when a is divided by 183.
6
Calculate the remainder when 2854 is divided by (43/129)/(8/34176).
6
Suppose -11*p = -9*p + 4*q - 52, 3*p - 4*q = 118. Let w = 45 + -28. Suppose 4*v - w = 55. What is the remainder when p is divided by v?
16
Suppose 134 = -13*h + 3020. Suppose h - 807 = -13*o. Calculate the remainder when o is divided by 6.
3
Suppose -4*z = -2*f - 16002, -20*z + 24*z + 3*f = 15997. What is the remainder when z is divided by 143?
139
Let w(q) = q**3 - 47*q**2 + 36*q + 485. What is the remainder when w(48) is divided by 116?
109
Let r(p) = p**2 - 15*p + 7